{"id":30794,"date":"2026-02-19T14:22:59","date_gmt":"2026-02-19T13:22:59","guid":{"rendered":"https:\/\/rad-pal.com.pl\/sklep\/bez-kategorii\/poduszka-sensomotoryczna-33-cm\/"},"modified":"2026-02-19T14:41:41","modified_gmt":"2026-02-19T13:41:41","slug":"poduszka-sensomotoryczna-33-cm","status":"publish","type":"product","link":"https:\/\/rad-pal.com.pl\/en\/sklep\/zdrowie\/sprzet-i-wyposazenie-medyczne\/sprzet-rehabilitacyjny-i-ortopedyczny\/rehabilitacja-i-cwiczenia\/poduszki-sensomotoryczne\/poduszka-sensomotoryczna-33-cm\/","title":{"rendered":"Poduszka sensomotoryczna 33 cm"},"content":{"rendered":"<section class=\"section\">\n<div class=\"item item-12\">\n<section class=\"text-item\">\n<h1>Poduszka sensomotoryczna 33 cm<\/h1>\n<h2>Cechy produktu:<\/h2>\n<ul>\n<li>Marka: Relaxdays<\/li>\n<li>Rodzaj: poduszka<\/li>\n<li>Model: Poduszka sensomotoryczna 33 cm<\/li>\n<li>\u015arednica: 33 cm<\/li>\n<li>Kolor dominuj\u0105cy: pomara\u0144cze i czerwienie<\/li>\n<li>Maksymalna waga u\u017cytkownika: 140 kg<\/li>\n<\/ul>\n<h2>O produkcie:<\/h2>\n<p>Poduszka sensomotoryczna 33 cm marki Relaxdays to produkt stworzony z my\u015bl\u0105 o zdrowiu i samopoczuciu u\u017cytkownika. Dzi\u0119ki specjalnej konstrukcji, u\u017cytkownik mo\u017ce cieszy\u0107 si\u0119 relaksem i odpr\u0119\u017ceniem. Poduszka ta jest idealna dla os\u00f3b o wadze do 140 kg. \u015arednica poduszki wynosi 33 cm, co pozwala na wygodne u\u017cytkowanie. Kolor dominuj\u0105cy to pomara\u0144cze i czerwienie, co czyni produkt estetycznym. Poduszka sensomotoryczna 33 cm marki Relaxdays to idealny wyb\u00f3r dla os\u00f3b, kt\u00f3re ceni\u0105 sobie komfort i dbaj\u0105 o swoje zdrowie.<\/p>\n<\/section><\/div>\n<\/section>\n<section class=\"section\">\n<div class=\"item item-12\">\n<section class=\"image-item\"><img decoding=\"async\" src=\"https:\/\/upload.cdn.baselinker.com\/products\/6014502\/d79c881de0151c0eaf255a18e4c60d9e.jpg\" \/><\/section>\n<\/p><\/div>\n<\/section>\n<section class=\"section\">\n<div class=\"item item-12\">\n<section class=\"text-item\">\n<p>6<\/p>\n<\/section><\/div>\n<\/section>","protected":false},"excerpt":{"rendered":"<p>Poduszka sensomotoryczna 33 cm Cechy produktu: Marka: Relaxdays Rodzaj: poduszka Model: Poduszka sensomotoryczna 33 cm \u015arednica: 33 cm Kolor dominuj\u0105cy:<\/p>","protected":false},"featured_media":30788,"template":"","meta":[],"product_brand":[],"product_cat":[325,324,199,323,198],"product_tag":[],"class_list":{"0":"post-30794","1":"product","2":"type-product","3":"status-publish","4":"has-post-thumbnail","6":"product_cat-poduszki-sensomotoryczne","7":"product_cat-rehabilitacja-i-cwiczenia","8":"product_cat-sprzet-i-wyposazenie-medyczne","9":"product_cat-sprzet-rehabilitacyjny-i-ortopedyczny","10":"product_cat-zdrowie","12":"first","13":"instock","14":"taxable","15":"shipping-taxable","16":"purchasable","17":"product-type-simple"},"yoast_head":"<!-- This site is optimized with the Yoast SEO plugin v25.7 - https:\/\/yoast.com\/wordpress\/plugins\/seo\/ -->\n<title>Poduszka sensomotoryczna 33 cm - Rad-Pal<\/title>\n<meta name=\"robots\" content=\"index, follow, max-snippet:-1, max-image-preview:large, max-video-preview:-1\" \/>\n<link rel=\"canonical\" href=\"https:\/\/rad-pal.com.pl\/en\/sklep\/bez-kategorii\/poduszka-sensomotoryczna-33-cm\/\" \/>\n<meta property=\"og:locale\" content=\"en_GB\" \/>\n<meta property=\"og:type\" content=\"article\" \/>\n<meta property=\"og:title\" content=\"Poduszka sensomotoryczna 33 cm - Rad-Pal\" \/>\n<meta property=\"og:description\" content=\"Poduszka sensomotoryczna 33 cm Cechy produktu: Marka: Relaxdays Rodzaj: poduszka Model: Poduszka sensomotoryczna 33 cm \u015arednica: 33 cm Kolor dominuj\u0105cy:\" \/>\n<meta property=\"og:url\" content=\"https:\/\/rad-pal.com.pl\/en\/sklep\/bez-kategorii\/poduszka-sensomotoryczna-33-cm\/\" \/>\n<meta property=\"og:site_name\" content=\"Rad-Pal\" \/>\n<meta property=\"article:modified_time\" content=\"2026-02-19T13:41:41+00:00\" \/>\n<meta property=\"og:image\" content=\"https:\/\/upload.cdn.baselinker.com\/products\/6014502\/d79c881de0151c0eaf255a18e4c60d9e.jpg\" \/>\n<meta name=\"twitter:card\" content=\"summary_large_image\" \/>\n<meta name=\"twitter:label1\" content=\"Estimated reading time\" \/>\n\t<meta name=\"twitter:data1\" content=\"1 minute\" \/>\n<script type=\"application\/ld+json\" class=\"yoast-schema-graph\">{\"@context\":\"https:\/\/schema.org\",\"@graph\":[{\"@type\":\"WebPage\",\"@id\":\"https:\/\/rad-pal.com.pl\/sklep\/bez-kategorii\/poduszka-sensomotoryczna-33-cm\/\",\"url\":\"https:\/\/rad-pal.com.pl\/sklep\/bez-kategorii\/poduszka-sensomotoryczna-33-cm\/\",\"name\":\"Poduszka sensomotoryczna 33 cm - Rad-Pal\",\"isPartOf\":{\"@id\":\"https:\/\/rad-pal.com.pl\/#website\"},\"primaryImageOfPage\":{\"@id\":\"https:\/\/rad-pal.com.pl\/sklep\/bez-kategorii\/poduszka-sensomotoryczna-33-cm\/#primaryimage\"},\"image\":{\"@id\":\"https:\/\/rad-pal.com.pl\/sklep\/bez-kategorii\/poduszka-sensomotoryczna-33-cm\/#primaryimage\"},\"thumbnailUrl\":\"https:\/\/rad-pal.com.pl\/wp-content\/uploads\/2026\/02\/a0e11897c8286339fe0731b3eff1932f.jpg\",\"datePublished\":\"2026-02-19T13:22:59+00:00\",\"dateModified\":\"2026-02-19T13:41:41+00:00\",\"breadcrumb\":{\"@id\":\"https:\/\/rad-pal.com.pl\/sklep\/bez-kategorii\/poduszka-sensomotoryczna-33-cm\/#breadcrumb\"},\"inLanguage\":\"en-GB\",\"potentialAction\":[{\"@type\":\"ReadAction\",\"target\":[\"https:\/\/rad-pal.com.pl\/sklep\/bez-kategorii\/poduszka-sensomotoryczna-33-cm\/\"]}]},{\"@type\":\"ImageObject\",\"inLanguage\":\"en-GB\",\"@id\":\"https:\/\/rad-pal.com.pl\/sklep\/bez-kategorii\/poduszka-sensomotoryczna-33-cm\/#primaryimage\",\"url\":\"https:\/\/rad-pal.com.pl\/wp-content\/uploads\/2026\/02\/a0e11897c8286339fe0731b3eff1932f.jpg\",\"contentUrl\":\"https:\/\/rad-pal.com.pl\/wp-content\/uploads\/2026\/02\/a0e11897c8286339fe0731b3eff1932f.jpg\",\"width\":681,\"height\":681,\"caption\":\"3c62c32a306439d6ef0bad0eb691e782\"},{\"@type\":\"BreadcrumbList\",\"@id\":\"https:\/\/rad-pal.com.pl\/sklep\/bez-kategorii\/poduszka-sensomotoryczna-33-cm\/#breadcrumb\",\"itemListElement\":[{\"@type\":\"ListItem\",\"position\":1,\"name\":\"Strona g\u0142\u00f3wna\",\"item\":\"https:\/\/rad-pal.com.pl\/\"},{\"@type\":\"ListItem\",\"position\":2,\"name\":\"Sklep\",\"item\":\"https:\/\/rad-pal.com.pl\/sklep\/\"},{\"@type\":\"ListItem\",\"position\":3,\"name\":\"Poduszka sensomotoryczna 33 cm\"}]},{\"@type\":\"WebSite\",\"@id\":\"https:\/\/rad-pal.com.pl\/#website\",\"url\":\"https:\/\/rad-pal.com.pl\/\",\"name\":\"Rad-Pal\",\"description\":\"\",\"publisher\":{\"@id\":\"https:\/\/rad-pal.com.pl\/#organization\"},\"potentialAction\":[{\"@type\":\"SearchAction\",\"target\":{\"@type\":\"EntryPoint\",\"urlTemplate\":\"https:\/\/rad-pal.com.pl\/?s={search_term_string}\"},\"query-input\":{\"@type\":\"PropertyValueSpecification\",\"valueRequired\":true,\"valueName\":\"search_term_string\"}}],\"inLanguage\":\"en-GB\"},{\"@type\":\"Organization\",\"@id\":\"https:\/\/rad-pal.com.pl\/#organization\",\"name\":\"Rad-Pal\",\"url\":\"https:\/\/rad-pal.com.pl\/\",\"logo\":{\"@type\":\"ImageObject\",\"inLanguage\":\"en-GB\",\"@id\":\"https:\/\/rad-pal.com.pl\/#\/schema\/logo\/image\/\",\"url\":\"https:\/\/rad-pal.com.pl\/wp-content\/uploads\/2026\/03\/Projekt-bez-nazwy-30.webp\",\"contentUrl\":\"https:\/\/rad-pal.com.pl\/wp-content\/uploads\/2026\/03\/Projekt-bez-nazwy-30.webp\",\"width\":600,\"height\":210,\"caption\":\"Rad-Pal\"},\"image\":{\"@id\":\"https:\/\/rad-pal.com.pl\/#\/schema\/logo\/image\/\"}}]}<\/script>\n<!-- \/ Yoast SEO plugin. -->","yoast_head_json":{"title":"Poduszka sensomotoryczna 33 cm - Rad-Pal","robots":{"index":"index","follow":"follow","max-snippet":"max-snippet:-1","max-image-preview":"max-image-preview:large","max-video-preview":"max-video-preview:-1"},"canonical":"https:\/\/rad-pal.com.pl\/en\/sklep\/bez-kategorii\/poduszka-sensomotoryczna-33-cm\/","og_locale":"en_GB","og_type":"article","og_title":"Poduszka sensomotoryczna 33 cm - Rad-Pal","og_description":"Poduszka sensomotoryczna 33 cm Cechy produktu: Marka: Relaxdays Rodzaj: poduszka Model: Poduszka sensomotoryczna 33 cm \u015arednica: 33 cm Kolor dominuj\u0105cy:","og_url":"https:\/\/rad-pal.com.pl\/en\/sklep\/bez-kategorii\/poduszka-sensomotoryczna-33-cm\/","og_site_name":"Rad-Pal","article_modified_time":"2026-02-19T13:41:41+00:00","og_image":[{"url":"https:\/\/upload.cdn.baselinker.com\/products\/6014502\/d79c881de0151c0eaf255a18e4c60d9e.jpg","type":"","width":"","height":""}],"twitter_card":"summary_large_image","twitter_misc":{"Estimated reading time":"1 minute"},"schema":{"@context":"https:\/\/schema.org","@graph":[{"@type":"WebPage","@id":"https:\/\/rad-pal.com.pl\/sklep\/bez-kategorii\/poduszka-sensomotoryczna-33-cm\/","url":"https:\/\/rad-pal.com.pl\/sklep\/bez-kategorii\/poduszka-sensomotoryczna-33-cm\/","name":"Poduszka sensomotoryczna 33 cm - Rad-Pal","isPartOf":{"@id":"https:\/\/rad-pal.com.pl\/#website"},"primaryImageOfPage":{"@id":"https:\/\/rad-pal.com.pl\/sklep\/bez-kategorii\/poduszka-sensomotoryczna-33-cm\/#primaryimage"},"image":{"@id":"https:\/\/rad-pal.com.pl\/sklep\/bez-kategorii\/poduszka-sensomotoryczna-33-cm\/#primaryimage"},"thumbnailUrl":"https:\/\/rad-pal.com.pl\/wp-content\/uploads\/2026\/02\/a0e11897c8286339fe0731b3eff1932f.jpg","datePublished":"2026-02-19T13:22:59+00:00","dateModified":"2026-02-19T13:41:41+00:00","breadcrumb":{"@id":"https:\/\/rad-pal.com.pl\/sklep\/bez-kategorii\/poduszka-sensomotoryczna-33-cm\/#breadcrumb"},"inLanguage":"en-GB","potentialAction":[{"@type":"ReadAction","target":["https:\/\/rad-pal.com.pl\/sklep\/bez-kategorii\/poduszka-sensomotoryczna-33-cm\/"]}]},{"@type":"ImageObject","inLanguage":"en-GB","@id":"https:\/\/rad-pal.com.pl\/sklep\/bez-kategorii\/poduszka-sensomotoryczna-33-cm\/#primaryimage","url":"https:\/\/rad-pal.com.pl\/wp-content\/uploads\/2026\/02\/a0e11897c8286339fe0731b3eff1932f.jpg","contentUrl":"https:\/\/rad-pal.com.pl\/wp-content\/uploads\/2026\/02\/a0e11897c8286339fe0731b3eff1932f.jpg","width":681,"height":681,"caption":"3c62c32a306439d6ef0bad0eb691e782"},{"@type":"BreadcrumbList","@id":"https:\/\/rad-pal.com.pl\/sklep\/bez-kategorii\/poduszka-sensomotoryczna-33-cm\/#breadcrumb","itemListElement":[{"@type":"ListItem","position":1,"name":"Strona g\u0142\u00f3wna","item":"https:\/\/rad-pal.com.pl\/"},{"@type":"ListItem","position":2,"name":"Sklep","item":"https:\/\/rad-pal.com.pl\/sklep\/"},{"@type":"ListItem","position":3,"name":"Poduszka sensomotoryczna 33 cm"}]},{"@type":"WebSite","@id":"https:\/\/rad-pal.com.pl\/#website","url":"https:\/\/rad-pal.com.pl\/","name":"Rad-Pal","description":"","publisher":{"@id":"https:\/\/rad-pal.com.pl\/#organization"},"potentialAction":[{"@type":"SearchAction","target":{"@type":"EntryPoint","urlTemplate":"https:\/\/rad-pal.com.pl\/?s={search_term_string}"},"query-input":{"@type":"PropertyValueSpecification","valueRequired":true,"valueName":"search_term_string"}}],"inLanguage":"en-GB"},{"@type":"Organization","@id":"https:\/\/rad-pal.com.pl\/#organization","name":"Rad-Pal","url":"https:\/\/rad-pal.com.pl\/","logo":{"@type":"ImageObject","inLanguage":"en-GB","@id":"https:\/\/rad-pal.com.pl\/#\/schema\/logo\/image\/","url":"https:\/\/rad-pal.com.pl\/wp-content\/uploads\/2026\/03\/Projekt-bez-nazwy-30.webp","contentUrl":"https:\/\/rad-pal.com.pl\/wp-content\/uploads\/2026\/03\/Projekt-bez-nazwy-30.webp","width":600,"height":210,"caption":"Rad-Pal"},"image":{"@id":"https:\/\/rad-pal.com.pl\/#\/schema\/logo\/image\/"}}]}},"_links":{"self":[{"href":"https:\/\/rad-pal.com.pl\/en\/wp-json\/wp\/v2\/product\/30794","targetHints":{"allow":["GET"]}}],"collection":[{"href":"https:\/\/rad-pal.com.pl\/en\/wp-json\/wp\/v2\/product"}],"about":[{"href":"https:\/\/rad-pal.com.pl\/en\/wp-json\/wp\/v2\/types\/product"}],"version-history":[{"count":0,"href":"https:\/\/rad-pal.com.pl\/en\/wp-json\/wp\/v2\/product\/30794\/revisions"}],"wp:featuredmedia":[{"embeddable":true,"href":"https:\/\/rad-pal.com.pl\/en\/wp-json\/wp\/v2\/media\/30788"}],"wp:attachment":[{"href":"https:\/\/rad-pal.com.pl\/en\/wp-json\/wp\/v2\/media?parent=30794"}],"wp:term":[{"taxonomy":"product_brand","embeddable":true,"href":"https:\/\/rad-pal.com.pl\/en\/wp-json\/wp\/v2\/product_brand?post=30794"},{"taxonomy":"product_cat","embeddable":true,"href":"https:\/\/rad-pal.com.pl\/en\/wp-json\/wp\/v2\/product_cat?post=30794"},{"taxonomy":"product_tag","embeddable":true,"href":"https:\/\/rad-pal.com.pl\/en\/wp-json\/wp\/v2\/product_tag?post=30794"}],"curies":[{"name":"wp","href":"https:\/\/api.w.org\/{rel}","templated":true}]}}

<section class="section">
<div class="item item-12">
<section class="text-item">
<h1>Poduszka sensomotoryczna 33 cm</h1>
<h2>Cechy produktu:</h2>
<ul>
<li>Marka: Relaxdays</li>
<li>Rodzaj: poduszka</li>
<li>Model: Poduszka sensomotoryczna 33 cm</li>
<li>Średnica: 33 cm</li>
<li>Kolor dominujący: pomarańcze i czerwienie</li>
<li>Maksymalna waga użytkownika: 140 kg</li>
</ul>
<h2>O produkcie:</h2>
<p>Poduszka sensomotoryczna 33 cm marki Relaxdays to produkt stworzony z myślą o zdrowiu i samopoczuciu użytkownika. Dzięki specjalnej konstrukcji, użytkownik może cieszyć się relaksem i odprężeniem. Poduszka ta jest idealna dla osób o wadze do 140 kg. Średnica poduszki wynosi 33 cm, co pozwala na wygodne użytkowanie. Kolor dominujący to pomarańcze i czerwienie, co czyni produkt estetycznym. Poduszka sensomotoryczna 33 cm marki Relaxdays to idealny wybór dla osób, które cenią sobie komfort i dbają o swoje zdrowie.</p>
</section></div>
</section>
<section class="section">
<div class="item item-12">
<section class="image-item"><img decoding="async" src="https://upload.cdn.baselinker.com/products/6014502/d79c881de0151c0eaf255a18e4c60d9e.jpg" /></section>
</p></div>
</section>
<section class="section">
<div class="item item-12">
<section class="text-item">
<p>6</p>
</section></div>
</section>

<p>Poduszka sensomotoryczna 33 cm Cechy produktu: Marka: Relaxdays Rodzaj: poduszka Model: Poduszka sensomotoryczna 33 cm Średnica: 33 cm Kolor dominujący:</p>

<!-- This site is optimized with the Yoast SEO plugin v25.7 - https://yoast.com/wordpress/plugins/seo/ -->
<title>Poduszka sensomotoryczna 33 cm - Rad-Pal</title>
<meta name="robots" content="index, follow, max-snippet:-1, max-image-preview:large, max-video-preview:-1" />
<link rel="canonical" href="https://rad-pal.com.pl/en/sklep/bez-kategorii/poduszka-sensomotoryczna-33-cm/" />
<meta property="og:locale" content="en_GB" />
<meta property="og:type" content="article" />
<meta property="og:title" content="Poduszka sensomotoryczna 33 cm - Rad-Pal" />
<meta property="og:description" content="Poduszka sensomotoryczna 33 cm Cechy produktu: Marka: Relaxdays Rodzaj: poduszka Model: Poduszka sensomotoryczna 33 cm Średnica: 33 cm Kolor dominujący:" />
<meta property="og:url" content="https://rad-pal.com.pl/en/sklep/bez-kategorii/poduszka-sensomotoryczna-33-cm/" />
<meta property="og:site_name" content="Rad-Pal" />
<meta property="article:modified_time" content="2026-02-19T13:41:41+00:00" />
<meta property="og:image" content="https://upload.cdn.baselinker.com/products/6014502/d79c881de0151c0eaf255a18e4c60d9e.jpg" />
<meta name="twitter:card" content="summary_large_image" />
<meta name="twitter:label1" content="Estimated reading time" />
	<meta name="twitter:data1" content="1 minute" />
<script type="application/ld+json" class="yoast-schema-graph">{"@context":"https://schema.org","@graph":[{"@type":"WebPage","@id":"https://rad-pal.com.pl/sklep/bez-kategorii/poduszka-sensomotoryczna-33-cm/","url":"https://rad-pal.com.pl/sklep/bez-kategorii/poduszka-sensomotoryczna-33-cm/","name":"Poduszka sensomotoryczna 33 cm - Rad-Pal","isPartOf":{"@id":"https://rad-pal.com.pl/#website"},"primaryImageOfPage":{"@id":"https://rad-pal.com.pl/sklep/bez-kategorii/poduszka-sensomotoryczna-33-cm/#primaryimage"},"image":{"@id":"https://rad-pal.com.pl/sklep/bez-kategorii/poduszka-sensomotoryczna-33-cm/#primaryimage"},"thumbnailUrl":"https://rad-pal.com.pl/wp-content/uploads/2026/02/a0e11897c8286339fe0731b3eff1932f.jpg","datePublished":"2026-02-19T13:22:59+00:00","dateModified":"2026-02-19T13:41:41+00:00","breadcrumb":{"@id":"https://rad-pal.com.pl/sklep/bez-kategorii/poduszka-sensomotoryczna-33-cm/#breadcrumb"},"inLanguage":"en-GB","potentialAction":[{"@type":"ReadAction","target":["https://rad-pal.com.pl/sklep/bez-kategorii/poduszka-sensomotoryczna-33-cm/"]}]},{"@type":"ImageObject","inLanguage":"en-GB","@id":"https://rad-pal.com.pl/sklep/bez-kategorii/poduszka-sensomotoryczna-33-cm/#primaryimage","url":"https://rad-pal.com.pl/wp-content/uploads/2026/02/a0e11897c8286339fe0731b3eff1932f.jpg","contentUrl":"https://rad-pal.com.pl/wp-content/uploads/2026/02/a0e11897c8286339fe0731b3eff1932f.jpg","width":681,"height":681,"caption":"3c62c32a306439d6ef0bad0eb691e782"},{"@type":"BreadcrumbList","@id":"https://rad-pal.com.pl/sklep/bez-kategorii/poduszka-sensomotoryczna-33-cm/#breadcrumb","itemListElement":[{"@type":"ListItem","position":1,"name":"Strona główna","item":"https://rad-pal.com.pl/"},{"@type":"ListItem","position":2,"name":"Sklep","item":"https://rad-pal.com.pl/sklep/"},{"@type":"ListItem","position":3,"name":"Poduszka sensomotoryczna 33 cm"}]},{"@type":"WebSite","@id":"https://rad-pal.com.pl/#website","url":"https://rad-pal.com.pl/","name":"Rad-Pal","description":"","publisher":{"@id":"https://rad-pal.com.pl/#organization"},"potentialAction":[{"@type":"SearchAction","target":{"@type":"EntryPoint","urlTemplate":"https://rad-pal.com.pl/?s={search_term_string}"},"query-input":{"@type":"PropertyValueSpecification","valueRequired":true,"valueName":"search_term_string"}}],"inLanguage":"en-GB"},{"@type":"Organization","@id":"https://rad-pal.com.pl/#organization","name":"Rad-Pal","url":"https://rad-pal.com.pl/","logo":{"@type":"ImageObject","inLanguage":"en-GB","@id":"https://rad-pal.com.pl/#/schema/logo/image/","url":"https://rad-pal.com.pl/wp-content/uploads/2026/03/Projekt-bez-nazwy-30.webp","contentUrl":"https://rad-pal.com.pl/wp-content/uploads/2026/03/Projekt-bez-nazwy-30.webp","width":600,"height":210,"caption":"Rad-Pal"},"image":{"@id":"https://rad-pal.com.pl/#/schema/logo/image/"}}]}</script>
<!-- / Yoast SEO plugin. -->

Poduszka sensomotoryczna 33 cm Cechy produktu: Marka: Relaxdays Rodzaj: poduszka Model: Poduszka sensomotoryczna 33 cm Średnica: 33 cm Kolor dominujący:

Strona główna
