{"id":30909,"date":"2026-02-19T14:28:06","date_gmt":"2026-02-19T13:28:06","guid":{"rendered":"https:\/\/rad-pal.com.pl\/sklep\/bez-kategorii\/wozek-na-zakupy-relaxdays-pomaranczowy\/"},"modified":"2026-02-19T15:24:21","modified_gmt":"2026-02-19T14:24:21","slug":"wozek-na-zakupy-relaxdays-pomaranczowy","status":"publish","type":"product","link":"https:\/\/rad-pal.com.pl\/en\/sklep\/dom-i-ogrod\/wyposazenie\/przechowywanie\/torby-i-worki-na-zakupy\/wozek-na-zakupy-relaxdays-pomaranczowy\/","title":{"rendered":"W\u00f3zek na zakupy Relaxdays pomara\u0144czowy"},"content":{"rendered":"<section class=\"section\">\n<div class=\"item item-12\">\n<section class=\"text-item\">\n<h1>W\u00f3zek na zakupy Relaxdays pomara\u0144czowy<\/h1>\n<h2>Cechy produktu:<\/h2>\n<ul>\n<li>Marka: Relaxdays<\/li>\n<li>Rodzaj: w\u00f3zek<\/li>\n<li>Kolor: pomara\u0144czowy<\/li>\n<li>Cechy dodatkowe: uchwyt<\/li>\n<\/ul>\n<h2>O produkcie:<\/h2>\n<p>W\u00f3zek na zakupy Relaxdays pomara\u0144czowy to idealne rozwi\u0105zanie dla os\u00f3b ceni\u0105cych wygod\u0119 i funkcjonalno\u015b\u0107. Dzi\u0119ki uchwytowi w\u00f3zek jest \u0142atwy w prowadzeniu, co zapewnia komfort podczas przewo\u017cenia zakup\u00f3w. Pomara\u0144czowy kolor wyr\u00f3\u017cnia go na tle innych w\u00f3zk\u00f3w, u\u0142atwiaj\u0105c jego odnalezienie. W\u00f3zek jest solidnie wykonany, co zapewnia d\u0142ugotrwa\u0142e u\u017cytkowanie.<\/p>\n<\/section><\/div>\n<\/section>\n<section class=\"section\">\n<div class=\"item item-12\">\n<section class=\"image-item\"><img decoding=\"async\" src=\"https:\/\/upload.cdn.baselinker.com\/products\/6014502\/573a98e7f0ba50463eefe8cf4aa0a1cc.jpg\" \/><\/section>\n<\/p><\/div>\n<\/section>\n<section class=\"section\">\n<div class=\"item item-12\">\n<section class=\"text-item\">\n<p>5<\/p>\n<\/section><\/div>\n<\/section>","protected":false},"excerpt":{"rendered":"<p>W\u00f3zek na zakupy Relaxdays pomara\u0144czowy Cechy produktu: Marka: Relaxdays Rodzaj: w\u00f3zek Kolor: pomara\u0144czowy Cechy dodatkowe: uchwyt O produkcie: W\u00f3zek na<\/p>","protected":false},"featured_media":30901,"template":"","meta":[],"product_brand":[],"product_cat":[86,124,328,87],"product_tag":[],"class_list":{"0":"post-30909","1":"product","2":"type-product","3":"status-publish","4":"has-post-thumbnail","6":"product_cat-dom-i-ogrod","7":"product_cat-przechowywanie","8":"product_cat-torby-i-worki-na-zakupy","9":"product_cat-wyposazenie","11":"first","12":"instock","13":"taxable","14":"shipping-taxable","15":"purchasable","16":"product-type-simple"},"yoast_head":"<!-- This site is optimized with the Yoast SEO plugin v25.7 - https:\/\/yoast.com\/wordpress\/plugins\/seo\/ -->\n<title>W\u00f3zek na zakupy Relaxdays pomara\u0144czowy - Rad-Pal<\/title>\n<meta name=\"robots\" content=\"index, follow, max-snippet:-1, max-image-preview:large, max-video-preview:-1\" \/>\n<link rel=\"canonical\" href=\"https:\/\/rad-pal.com.pl\/en\/sklep\/bez-kategorii\/wozek-na-zakupy-relaxdays-pomaranczowy\/\" \/>\n<meta property=\"og:locale\" content=\"en_GB\" \/>\n<meta property=\"og:type\" content=\"article\" \/>\n<meta property=\"og:title\" content=\"W\u00f3zek na zakupy Relaxdays pomara\u0144czowy - Rad-Pal\" \/>\n<meta property=\"og:description\" content=\"W\u00f3zek na zakupy Relaxdays pomara\u0144czowy Cechy produktu: Marka: Relaxdays Rodzaj: w\u00f3zek Kolor: pomara\u0144czowy Cechy dodatkowe: uchwyt O produkcie: W\u00f3zek na\" \/>\n<meta property=\"og:url\" content=\"https:\/\/rad-pal.com.pl\/en\/sklep\/bez-kategorii\/wozek-na-zakupy-relaxdays-pomaranczowy\/\" \/>\n<meta property=\"og:site_name\" content=\"Rad-Pal\" \/>\n<meta property=\"article:modified_time\" content=\"2026-02-19T14:24:21+00:00\" \/>\n<meta property=\"og:image\" content=\"https:\/\/upload.cdn.baselinker.com\/products\/6014502\/573a98e7f0ba50463eefe8cf4aa0a1cc.jpg\" \/>\n<meta name=\"twitter:card\" content=\"summary_large_image\" \/>\n<script type=\"application\/ld+json\" class=\"yoast-schema-graph\">{\"@context\":\"https:\/\/schema.org\",\"@graph\":[{\"@type\":\"WebPage\",\"@id\":\"https:\/\/rad-pal.com.pl\/sklep\/bez-kategorii\/wozek-na-zakupy-relaxdays-pomaranczowy\/\",\"url\":\"https:\/\/rad-pal.com.pl\/sklep\/bez-kategorii\/wozek-na-zakupy-relaxdays-pomaranczowy\/\",\"name\":\"W\u00f3zek na zakupy Relaxdays pomara\u0144czowy - Rad-Pal\",\"isPartOf\":{\"@id\":\"https:\/\/rad-pal.com.pl\/#website\"},\"primaryImageOfPage\":{\"@id\":\"https:\/\/rad-pal.com.pl\/sklep\/bez-kategorii\/wozek-na-zakupy-relaxdays-pomaranczowy\/#primaryimage\"},\"image\":{\"@id\":\"https:\/\/rad-pal.com.pl\/sklep\/bez-kategorii\/wozek-na-zakupy-relaxdays-pomaranczowy\/#primaryimage\"},\"thumbnailUrl\":\"https:\/\/rad-pal.com.pl\/wp-content\/uploads\/2026\/02\/573a98e7f0ba50463eefe8cf4aa0a1cc.jpg\",\"datePublished\":\"2026-02-19T13:28:06+00:00\",\"dateModified\":\"2026-02-19T14:24:21+00:00\",\"breadcrumb\":{\"@id\":\"https:\/\/rad-pal.com.pl\/sklep\/bez-kategorii\/wozek-na-zakupy-relaxdays-pomaranczowy\/#breadcrumb\"},\"inLanguage\":\"en-GB\",\"potentialAction\":[{\"@type\":\"ReadAction\",\"target\":[\"https:\/\/rad-pal.com.pl\/sklep\/bez-kategorii\/wozek-na-zakupy-relaxdays-pomaranczowy\/\"]}]},{\"@type\":\"ImageObject\",\"inLanguage\":\"en-GB\",\"@id\":\"https:\/\/rad-pal.com.pl\/sklep\/bez-kategorii\/wozek-na-zakupy-relaxdays-pomaranczowy\/#primaryimage\",\"url\":\"https:\/\/rad-pal.com.pl\/wp-content\/uploads\/2026\/02\/573a98e7f0ba50463eefe8cf4aa0a1cc.jpg\",\"contentUrl\":\"https:\/\/rad-pal.com.pl\/wp-content\/uploads\/2026\/02\/573a98e7f0ba50463eefe8cf4aa0a1cc.jpg\",\"width\":1499,\"height\":1500,\"caption\":\"33ce2ea65665c70d37a0997453cde04b\"},{\"@type\":\"BreadcrumbList\",\"@id\":\"https:\/\/rad-pal.com.pl\/sklep\/bez-kategorii\/wozek-na-zakupy-relaxdays-pomaranczowy\/#breadcrumb\",\"itemListElement\":[{\"@type\":\"ListItem\",\"position\":1,\"name\":\"Strona g\u0142\u00f3wna\",\"item\":\"https:\/\/rad-pal.com.pl\/\"},{\"@type\":\"ListItem\",\"position\":2,\"name\":\"Sklep\",\"item\":\"https:\/\/rad-pal.com.pl\/sklep\/\"},{\"@type\":\"ListItem\",\"position\":3,\"name\":\"W\u00f3zek na zakupy Relaxdays pomara\u0144czowy\"}]},{\"@type\":\"WebSite\",\"@id\":\"https:\/\/rad-pal.com.pl\/#website\",\"url\":\"https:\/\/rad-pal.com.pl\/\",\"name\":\"Rad-Pal\",\"description\":\"\",\"publisher\":{\"@id\":\"https:\/\/rad-pal.com.pl\/#organization\"},\"potentialAction\":[{\"@type\":\"SearchAction\",\"target\":{\"@type\":\"EntryPoint\",\"urlTemplate\":\"https:\/\/rad-pal.com.pl\/?s={search_term_string}\"},\"query-input\":{\"@type\":\"PropertyValueSpecification\",\"valueRequired\":true,\"valueName\":\"search_term_string\"}}],\"inLanguage\":\"en-GB\"},{\"@type\":\"Organization\",\"@id\":\"https:\/\/rad-pal.com.pl\/#organization\",\"name\":\"Rad-Pal\",\"url\":\"https:\/\/rad-pal.com.pl\/\",\"logo\":{\"@type\":\"ImageObject\",\"inLanguage\":\"en-GB\",\"@id\":\"https:\/\/rad-pal.com.pl\/#\/schema\/logo\/image\/\",\"url\":\"https:\/\/rad-pal.com.pl\/wp-content\/uploads\/2026\/03\/Projekt-bez-nazwy-30.webp\",\"contentUrl\":\"https:\/\/rad-pal.com.pl\/wp-content\/uploads\/2026\/03\/Projekt-bez-nazwy-30.webp\",\"width\":600,\"height\":210,\"caption\":\"Rad-Pal\"},\"image\":{\"@id\":\"https:\/\/rad-pal.com.pl\/#\/schema\/logo\/image\/\"}}]}<\/script>\n<!-- \/ Yoast SEO plugin. -->","yoast_head_json":{"title":"W\u00f3zek na zakupy Relaxdays pomara\u0144czowy - Rad-Pal","robots":{"index":"index","follow":"follow","max-snippet":"max-snippet:-1","max-image-preview":"max-image-preview:large","max-video-preview":"max-video-preview:-1"},"canonical":"https:\/\/rad-pal.com.pl\/en\/sklep\/bez-kategorii\/wozek-na-zakupy-relaxdays-pomaranczowy\/","og_locale":"en_GB","og_type":"article","og_title":"W\u00f3zek na zakupy Relaxdays pomara\u0144czowy - Rad-Pal","og_description":"W\u00f3zek na zakupy Relaxdays pomara\u0144czowy Cechy produktu: Marka: Relaxdays Rodzaj: w\u00f3zek Kolor: pomara\u0144czowy Cechy dodatkowe: uchwyt O produkcie: W\u00f3zek na","og_url":"https:\/\/rad-pal.com.pl\/en\/sklep\/bez-kategorii\/wozek-na-zakupy-relaxdays-pomaranczowy\/","og_site_name":"Rad-Pal","article_modified_time":"2026-02-19T14:24:21+00:00","og_image":[{"url":"https:\/\/upload.cdn.baselinker.com\/products\/6014502\/573a98e7f0ba50463eefe8cf4aa0a1cc.jpg","type":"","width":"","height":""}],"twitter_card":"summary_large_image","schema":{"@context":"https:\/\/schema.org","@graph":[{"@type":"WebPage","@id":"https:\/\/rad-pal.com.pl\/sklep\/bez-kategorii\/wozek-na-zakupy-relaxdays-pomaranczowy\/","url":"https:\/\/rad-pal.com.pl\/sklep\/bez-kategorii\/wozek-na-zakupy-relaxdays-pomaranczowy\/","name":"W\u00f3zek na zakupy Relaxdays pomara\u0144czowy - Rad-Pal","isPartOf":{"@id":"https:\/\/rad-pal.com.pl\/#website"},"primaryImageOfPage":{"@id":"https:\/\/rad-pal.com.pl\/sklep\/bez-kategorii\/wozek-na-zakupy-relaxdays-pomaranczowy\/#primaryimage"},"image":{"@id":"https:\/\/rad-pal.com.pl\/sklep\/bez-kategorii\/wozek-na-zakupy-relaxdays-pomaranczowy\/#primaryimage"},"thumbnailUrl":"https:\/\/rad-pal.com.pl\/wp-content\/uploads\/2026\/02\/573a98e7f0ba50463eefe8cf4aa0a1cc.jpg","datePublished":"2026-02-19T13:28:06+00:00","dateModified":"2026-02-19T14:24:21+00:00","breadcrumb":{"@id":"https:\/\/rad-pal.com.pl\/sklep\/bez-kategorii\/wozek-na-zakupy-relaxdays-pomaranczowy\/#breadcrumb"},"inLanguage":"en-GB","potentialAction":[{"@type":"ReadAction","target":["https:\/\/rad-pal.com.pl\/sklep\/bez-kategorii\/wozek-na-zakupy-relaxdays-pomaranczowy\/"]}]},{"@type":"ImageObject","inLanguage":"en-GB","@id":"https:\/\/rad-pal.com.pl\/sklep\/bez-kategorii\/wozek-na-zakupy-relaxdays-pomaranczowy\/#primaryimage","url":"https:\/\/rad-pal.com.pl\/wp-content\/uploads\/2026\/02\/573a98e7f0ba50463eefe8cf4aa0a1cc.jpg","contentUrl":"https:\/\/rad-pal.com.pl\/wp-content\/uploads\/2026\/02\/573a98e7f0ba50463eefe8cf4aa0a1cc.jpg","width":1499,"height":1500,"caption":"33ce2ea65665c70d37a0997453cde04b"},{"@type":"BreadcrumbList","@id":"https:\/\/rad-pal.com.pl\/sklep\/bez-kategorii\/wozek-na-zakupy-relaxdays-pomaranczowy\/#breadcrumb","itemListElement":[{"@type":"ListItem","position":1,"name":"Strona g\u0142\u00f3wna","item":"https:\/\/rad-pal.com.pl\/"},{"@type":"ListItem","position":2,"name":"Sklep","item":"https:\/\/rad-pal.com.pl\/sklep\/"},{"@type":"ListItem","position":3,"name":"W\u00f3zek na zakupy Relaxdays pomara\u0144czowy"}]},{"@type":"WebSite","@id":"https:\/\/rad-pal.com.pl\/#website","url":"https:\/\/rad-pal.com.pl\/","name":"Rad-Pal","description":"","publisher":{"@id":"https:\/\/rad-pal.com.pl\/#organization"},"potentialAction":[{"@type":"SearchAction","target":{"@type":"EntryPoint","urlTemplate":"https:\/\/rad-pal.com.pl\/?s={search_term_string}"},"query-input":{"@type":"PropertyValueSpecification","valueRequired":true,"valueName":"search_term_string"}}],"inLanguage":"en-GB"},{"@type":"Organization","@id":"https:\/\/rad-pal.com.pl\/#organization","name":"Rad-Pal","url":"https:\/\/rad-pal.com.pl\/","logo":{"@type":"ImageObject","inLanguage":"en-GB","@id":"https:\/\/rad-pal.com.pl\/#\/schema\/logo\/image\/","url":"https:\/\/rad-pal.com.pl\/wp-content\/uploads\/2026\/03\/Projekt-bez-nazwy-30.webp","contentUrl":"https:\/\/rad-pal.com.pl\/wp-content\/uploads\/2026\/03\/Projekt-bez-nazwy-30.webp","width":600,"height":210,"caption":"Rad-Pal"},"image":{"@id":"https:\/\/rad-pal.com.pl\/#\/schema\/logo\/image\/"}}]}},"_links":{"self":[{"href":"https:\/\/rad-pal.com.pl\/en\/wp-json\/wp\/v2\/product\/30909","targetHints":{"allow":["GET"]}}],"collection":[{"href":"https:\/\/rad-pal.com.pl\/en\/wp-json\/wp\/v2\/product"}],"about":[{"href":"https:\/\/rad-pal.com.pl\/en\/wp-json\/wp\/v2\/types\/product"}],"version-history":[{"count":0,"href":"https:\/\/rad-pal.com.pl\/en\/wp-json\/wp\/v2\/product\/30909\/revisions"}],"wp:featuredmedia":[{"embeddable":true,"href":"https:\/\/rad-pal.com.pl\/en\/wp-json\/wp\/v2\/media\/30901"}],"wp:attachment":[{"href":"https:\/\/rad-pal.com.pl\/en\/wp-json\/wp\/v2\/media?parent=30909"}],"wp:term":[{"taxonomy":"product_brand","embeddable":true,"href":"https:\/\/rad-pal.com.pl\/en\/wp-json\/wp\/v2\/product_brand?post=30909"},{"taxonomy":"product_cat","embeddable":true,"href":"https:\/\/rad-pal.com.pl\/en\/wp-json\/wp\/v2\/product_cat?post=30909"},{"taxonomy":"product_tag","embeddable":true,"href":"https:\/\/rad-pal.com.pl\/en\/wp-json\/wp\/v2\/product_tag?post=30909"}],"curies":[{"name":"wp","href":"https:\/\/api.w.org\/{rel}","templated":true}]}}

Wózek na zakupy Relaxdays pomarańczowy

<section class="section">
<div class="item item-12">
<section class="text-item">
<h1>Wózek na zakupy Relaxdays pomarańczowy</h1>
<h2>Cechy produktu:</h2>
<ul>
<li>Marka: Relaxdays</li>
<li>Rodzaj: wózek</li>
<li>Kolor: pomarańczowy</li>
<li>Cechy dodatkowe: uchwyt</li>
</ul>
<h2>O produkcie:</h2>
<p>Wózek na zakupy Relaxdays pomarańczowy to idealne rozwiązanie dla osób ceniących wygodę i funkcjonalność. Dzięki uchwytowi wózek jest łatwy w prowadzeniu, co zapewnia komfort podczas przewożenia zakupów. Pomarańczowy kolor wyróżnia go na tle innych wózków, ułatwiając jego odnalezienie. Wózek jest solidnie wykonany, co zapewnia długotrwałe użytkowanie.</p>
</section></div>
</section>
<section class="section">
<div class="item item-12">
<section class="image-item"><img decoding="async" src="https://upload.cdn.baselinker.com/products/6014502/573a98e7f0ba50463eefe8cf4aa0a1cc.jpg" /></section>
</p></div>
</section>
<section class="section">
<div class="item item-12">
<section class="text-item">
<p>5</p>
</section></div>
</section>

<p>Wózek na zakupy Relaxdays pomarańczowy Cechy produktu: Marka: Relaxdays Rodzaj: wózek Kolor: pomarańczowy Cechy dodatkowe: uchwyt O produkcie: Wózek na</p>

<!-- This site is optimized with the Yoast SEO plugin v25.7 - https://yoast.com/wordpress/plugins/seo/ -->
<title>Wózek na zakupy Relaxdays pomarańczowy - Rad-Pal</title>
<meta name="robots" content="index, follow, max-snippet:-1, max-image-preview:large, max-video-preview:-1" />
<link rel="canonical" href="https://rad-pal.com.pl/en/sklep/bez-kategorii/wozek-na-zakupy-relaxdays-pomaranczowy/" />
<meta property="og:locale" content="en_GB" />
<meta property="og:type" content="article" />
<meta property="og:title" content="Wózek na zakupy Relaxdays pomarańczowy - Rad-Pal" />
<meta property="og:description" content="Wózek na zakupy Relaxdays pomarańczowy Cechy produktu: Marka: Relaxdays Rodzaj: wózek Kolor: pomarańczowy Cechy dodatkowe: uchwyt O produkcie: Wózek na" />
<meta property="og:url" content="https://rad-pal.com.pl/en/sklep/bez-kategorii/wozek-na-zakupy-relaxdays-pomaranczowy/" />
<meta property="og:site_name" content="Rad-Pal" />
<meta property="article:modified_time" content="2026-02-19T14:24:21+00:00" />
<meta property="og:image" content="https://upload.cdn.baselinker.com/products/6014502/573a98e7f0ba50463eefe8cf4aa0a1cc.jpg" />
<meta name="twitter:card" content="summary_large_image" />
<script type="application/ld+json" class="yoast-schema-graph">{"@context":"https://schema.org","@graph":[{"@type":"WebPage","@id":"https://rad-pal.com.pl/sklep/bez-kategorii/wozek-na-zakupy-relaxdays-pomaranczowy/","url":"https://rad-pal.com.pl/sklep/bez-kategorii/wozek-na-zakupy-relaxdays-pomaranczowy/","name":"Wózek na zakupy Relaxdays pomarańczowy - Rad-Pal","isPartOf":{"@id":"https://rad-pal.com.pl/#website"},"primaryImageOfPage":{"@id":"https://rad-pal.com.pl/sklep/bez-kategorii/wozek-na-zakupy-relaxdays-pomaranczowy/#primaryimage"},"image":{"@id":"https://rad-pal.com.pl/sklep/bez-kategorii/wozek-na-zakupy-relaxdays-pomaranczowy/#primaryimage"},"thumbnailUrl":"https://rad-pal.com.pl/wp-content/uploads/2026/02/573a98e7f0ba50463eefe8cf4aa0a1cc.jpg","datePublished":"2026-02-19T13:28:06+00:00","dateModified":"2026-02-19T14:24:21+00:00","breadcrumb":{"@id":"https://rad-pal.com.pl/sklep/bez-kategorii/wozek-na-zakupy-relaxdays-pomaranczowy/#breadcrumb"},"inLanguage":"en-GB","potentialAction":[{"@type":"ReadAction","target":["https://rad-pal.com.pl/sklep/bez-kategorii/wozek-na-zakupy-relaxdays-pomaranczowy/"]}]},{"@type":"ImageObject","inLanguage":"en-GB","@id":"https://rad-pal.com.pl/sklep/bez-kategorii/wozek-na-zakupy-relaxdays-pomaranczowy/#primaryimage","url":"https://rad-pal.com.pl/wp-content/uploads/2026/02/573a98e7f0ba50463eefe8cf4aa0a1cc.jpg","contentUrl":"https://rad-pal.com.pl/wp-content/uploads/2026/02/573a98e7f0ba50463eefe8cf4aa0a1cc.jpg","width":1499,"height":1500,"caption":"33ce2ea65665c70d37a0997453cde04b"},{"@type":"BreadcrumbList","@id":"https://rad-pal.com.pl/sklep/bez-kategorii/wozek-na-zakupy-relaxdays-pomaranczowy/#breadcrumb","itemListElement":[{"@type":"ListItem","position":1,"name":"Strona główna","item":"https://rad-pal.com.pl/"},{"@type":"ListItem","position":2,"name":"Sklep","item":"https://rad-pal.com.pl/sklep/"},{"@type":"ListItem","position":3,"name":"Wózek na zakupy Relaxdays pomarańczowy"}]},{"@type":"WebSite","@id":"https://rad-pal.com.pl/#website","url":"https://rad-pal.com.pl/","name":"Rad-Pal","description":"","publisher":{"@id":"https://rad-pal.com.pl/#organization"},"potentialAction":[{"@type":"SearchAction","target":{"@type":"EntryPoint","urlTemplate":"https://rad-pal.com.pl/?s={search_term_string}"},"query-input":{"@type":"PropertyValueSpecification","valueRequired":true,"valueName":"search_term_string"}}],"inLanguage":"en-GB"},{"@type":"Organization","@id":"https://rad-pal.com.pl/#organization","name":"Rad-Pal","url":"https://rad-pal.com.pl/","logo":{"@type":"ImageObject","inLanguage":"en-GB","@id":"https://rad-pal.com.pl/#/schema/logo/image/","url":"https://rad-pal.com.pl/wp-content/uploads/2026/03/Projekt-bez-nazwy-30.webp","contentUrl":"https://rad-pal.com.pl/wp-content/uploads/2026/03/Projekt-bez-nazwy-30.webp","width":600,"height":210,"caption":"Rad-Pal"},"image":{"@id":"https://rad-pal.com.pl/#/schema/logo/image/"}}]}</script>
<!-- / Yoast SEO plugin. -->

Wózek na zakupy Relaxdays pomarańczowy - Rad-Pal

Wózek na zakupy Relaxdays pomarańczowy Cechy produktu: Marka: Relaxdays Rodzaj: wózek Kolor: pomarańczowy Cechy dodatkowe: uchwyt O produkcie: Wózek na

Strona główna
