{"id":34287,"date":"2026-02-19T17:04:13","date_gmt":"2026-02-19T16:04:13","guid":{"rendered":"https:\/\/rad-pal.com.pl\/sklep\/bez-kategorii\/komoda-regal-z-szufladami-do-salonu\/"},"modified":"2026-02-19T17:32:51","modified_gmt":"2026-02-19T16:32:51","slug":"komoda-regal-z-szufladami-do-salonu","status":"publish","type":"product","link":"https:\/\/rad-pal.com.pl\/en\/sklep\/dom-i-ogrod\/meble\/salon\/komody-salon\/komoda-regal-z-szufladami-do-salonu\/","title":{"rendered":"Komoda rega\u0142 z szufladami do salonu"},"content":{"rendered":"<section class=\"section\">\n<div class=\"item item-6\">\n<section class=\"image-item\"><img decoding=\"async\" src=\"https:\/\/upload.cdn.baselinker.com\/products\/6014502\/531344e8d1edf9f19561d8185414b0fb.jpg\" \/><\/section>\n<\/p><\/div>\n<div class=\"item item-6\">\n<section class=\"text-item\">\n<p>Elegancka komoda z tekstylnymi szufladami<\/p>\n<p>Nasz praktyczny rega\u0142 z szarymi szufladami z materia\u0142u pomo\u017ce Ci zaprowadzi\u0107 porz\u0105dek w mieszkaniu w stylowy spos\u00f3b. Nowoczesny sideboard sk\u0142ada si\u0119 z bia\u0142ej, stalowej ramy z p\u00f3\u0142kami z p\u0142yty MDF imituj\u0105cej drewno. Elegancka komoda dost\u0119pna jest w r\u00f3\u017cnych rozmiarach, dzi\u0119ki czemu z pewno\u015bci\u0105 znajdziesz tak\u017ce egzemplarz odpowiedni do Twojego wn\u0119trza. Sam zdecyduj o ilo\u015bci szuflad oraz kszta\u0142cie, szeroko\u015bci i wysoko\u015bci wolnostoj\u0105cego rega\u0142u.\u00a0<\/p>\n<\/p>\n<p>Nowoczesny sideboard do salonu lub sypialni<\/p>\n<p>Praktyczne szuflady z materia\u0142u<\/p>\n<p>R\u00f3\u017cne rozmiary do wyboru<\/p>\n<p>Uniwersalny i nowoczesny design<\/p>\n<p>Stabilna konstrukcja z metalow\u0105 ram\u0105<\/p>\n<\/section><\/div>\n<\/section>\n<section class=\"section\">\n<div class=\"item item-12\">\n<section class=\"text-item\">\n<p>9<\/p>\n<\/section><\/div>\n<\/section>","protected":false},"excerpt":{"rendered":"<p>Elegancka komoda z tekstylnymi szufladami Nasz praktyczny rega\u0142 z szarymi szufladami z materia\u0142u pomo\u017ce Ci zaprowadzi\u0107 porz\u0105dek w mieszkaniu w<\/p>","protected":false},"featured_media":34279,"template":"","meta":[],"product_brand":[],"product_cat":[86,421,94,95],"product_tag":[],"class_list":{"0":"post-34287","1":"product","2":"type-product","3":"status-publish","4":"has-post-thumbnail","6":"product_cat-dom-i-ogrod","7":"product_cat-komody-salon","8":"product_cat-meble","9":"product_cat-salon","11":"first","12":"instock","13":"taxable","14":"shipping-taxable","15":"purchasable","16":"product-type-simple"},"yoast_head":"<!-- This site is optimized with the Yoast SEO plugin v25.7 - https:\/\/yoast.com\/wordpress\/plugins\/seo\/ -->\n<title>Komoda rega\u0142 z szufladami do salonu - Rad-Pal<\/title>\n<meta name=\"robots\" content=\"index, follow, max-snippet:-1, max-image-preview:large, max-video-preview:-1\" \/>\n<link rel=\"canonical\" href=\"https:\/\/rad-pal.com.pl\/en\/sklep\/bez-kategorii\/komoda-regal-z-szufladami-do-salonu\/\" \/>\n<meta property=\"og:locale\" content=\"en_GB\" \/>\n<meta property=\"og:type\" content=\"article\" \/>\n<meta property=\"og:title\" content=\"Komoda rega\u0142 z szufladami do salonu - Rad-Pal\" \/>\n<meta property=\"og:description\" content=\"Elegancka komoda z tekstylnymi szufladami Nasz praktyczny rega\u0142 z szarymi szufladami z materia\u0142u pomo\u017ce Ci zaprowadzi\u0107 porz\u0105dek w mieszkaniu w\" \/>\n<meta property=\"og:url\" content=\"https:\/\/rad-pal.com.pl\/en\/sklep\/bez-kategorii\/komoda-regal-z-szufladami-do-salonu\/\" \/>\n<meta property=\"og:site_name\" content=\"Rad-Pal\" \/>\n<meta property=\"article:modified_time\" content=\"2026-02-19T16:32:51+00:00\" \/>\n<meta property=\"og:image\" content=\"https:\/\/upload.cdn.baselinker.com\/products\/6014502\/531344e8d1edf9f19561d8185414b0fb.jpg\" \/>\n<meta name=\"twitter:card\" content=\"summary_large_image\" \/>\n<meta name=\"twitter:label1\" content=\"Estimated reading time\" \/>\n\t<meta name=\"twitter:data1\" content=\"1 minute\" \/>\n<script type=\"application\/ld+json\" class=\"yoast-schema-graph\">{\"@context\":\"https:\/\/schema.org\",\"@graph\":[{\"@type\":\"WebPage\",\"@id\":\"https:\/\/rad-pal.com.pl\/sklep\/bez-kategorii\/komoda-regal-z-szufladami-do-salonu\/\",\"url\":\"https:\/\/rad-pal.com.pl\/sklep\/bez-kategorii\/komoda-regal-z-szufladami-do-salonu\/\",\"name\":\"Komoda rega\u0142 z szufladami do salonu - Rad-Pal\",\"isPartOf\":{\"@id\":\"https:\/\/rad-pal.com.pl\/#website\"},\"primaryImageOfPage\":{\"@id\":\"https:\/\/rad-pal.com.pl\/sklep\/bez-kategorii\/komoda-regal-z-szufladami-do-salonu\/#primaryimage\"},\"image\":{\"@id\":\"https:\/\/rad-pal.com.pl\/sklep\/bez-kategorii\/komoda-regal-z-szufladami-do-salonu\/#primaryimage\"},\"thumbnailUrl\":\"https:\/\/rad-pal.com.pl\/wp-content\/uploads\/2026\/02\/2b22d984ddd913bf54dd3555240a1343.jpg\",\"datePublished\":\"2026-02-19T16:04:13+00:00\",\"dateModified\":\"2026-02-19T16:32:51+00:00\",\"breadcrumb\":{\"@id\":\"https:\/\/rad-pal.com.pl\/sklep\/bez-kategorii\/komoda-regal-z-szufladami-do-salonu\/#breadcrumb\"},\"inLanguage\":\"en-GB\",\"potentialAction\":[{\"@type\":\"ReadAction\",\"target\":[\"https:\/\/rad-pal.com.pl\/sklep\/bez-kategorii\/komoda-regal-z-szufladami-do-salonu\/\"]}]},{\"@type\":\"ImageObject\",\"inLanguage\":\"en-GB\",\"@id\":\"https:\/\/rad-pal.com.pl\/sklep\/bez-kategorii\/komoda-regal-z-szufladami-do-salonu\/#primaryimage\",\"url\":\"https:\/\/rad-pal.com.pl\/wp-content\/uploads\/2026\/02\/2b22d984ddd913bf54dd3555240a1343.jpg\",\"contentUrl\":\"https:\/\/rad-pal.com.pl\/wp-content\/uploads\/2026\/02\/2b22d984ddd913bf54dd3555240a1343.jpg\",\"width\":681,\"height\":681,\"caption\":\"7f786d291a7ac14053957ee90ec28db1\"},{\"@type\":\"BreadcrumbList\",\"@id\":\"https:\/\/rad-pal.com.pl\/sklep\/bez-kategorii\/komoda-regal-z-szufladami-do-salonu\/#breadcrumb\",\"itemListElement\":[{\"@type\":\"ListItem\",\"position\":1,\"name\":\"Strona g\u0142\u00f3wna\",\"item\":\"https:\/\/rad-pal.com.pl\/\"},{\"@type\":\"ListItem\",\"position\":2,\"name\":\"Sklep\",\"item\":\"https:\/\/rad-pal.com.pl\/sklep\/\"},{\"@type\":\"ListItem\",\"position\":3,\"name\":\"Komoda rega\u0142 z szufladami do salonu\"}]},{\"@type\":\"WebSite\",\"@id\":\"https:\/\/rad-pal.com.pl\/#website\",\"url\":\"https:\/\/rad-pal.com.pl\/\",\"name\":\"Rad-Pal\",\"description\":\"\",\"publisher\":{\"@id\":\"https:\/\/rad-pal.com.pl\/#organization\"},\"potentialAction\":[{\"@type\":\"SearchAction\",\"target\":{\"@type\":\"EntryPoint\",\"urlTemplate\":\"https:\/\/rad-pal.com.pl\/?s={search_term_string}\"},\"query-input\":{\"@type\":\"PropertyValueSpecification\",\"valueRequired\":true,\"valueName\":\"search_term_string\"}}],\"inLanguage\":\"en-GB\"},{\"@type\":\"Organization\",\"@id\":\"https:\/\/rad-pal.com.pl\/#organization\",\"name\":\"Rad-Pal\",\"url\":\"https:\/\/rad-pal.com.pl\/\",\"logo\":{\"@type\":\"ImageObject\",\"inLanguage\":\"en-GB\",\"@id\":\"https:\/\/rad-pal.com.pl\/#\/schema\/logo\/image\/\",\"url\":\"https:\/\/rad-pal.com.pl\/wp-content\/uploads\/2026\/03\/Projekt-bez-nazwy-30.webp\",\"contentUrl\":\"https:\/\/rad-pal.com.pl\/wp-content\/uploads\/2026\/03\/Projekt-bez-nazwy-30.webp\",\"width\":600,\"height\":210,\"caption\":\"Rad-Pal\"},\"image\":{\"@id\":\"https:\/\/rad-pal.com.pl\/#\/schema\/logo\/image\/\"}}]}<\/script>\n<!-- \/ Yoast SEO plugin. -->","yoast_head_json":{"title":"Komoda rega\u0142 z szufladami do salonu - Rad-Pal","robots":{"index":"index","follow":"follow","max-snippet":"max-snippet:-1","max-image-preview":"max-image-preview:large","max-video-preview":"max-video-preview:-1"},"canonical":"https:\/\/rad-pal.com.pl\/en\/sklep\/bez-kategorii\/komoda-regal-z-szufladami-do-salonu\/","og_locale":"en_GB","og_type":"article","og_title":"Komoda rega\u0142 z szufladami do salonu - Rad-Pal","og_description":"Elegancka komoda z tekstylnymi szufladami Nasz praktyczny rega\u0142 z szarymi szufladami z materia\u0142u pomo\u017ce Ci zaprowadzi\u0107 porz\u0105dek w mieszkaniu w","og_url":"https:\/\/rad-pal.com.pl\/en\/sklep\/bez-kategorii\/komoda-regal-z-szufladami-do-salonu\/","og_site_name":"Rad-Pal","article_modified_time":"2026-02-19T16:32:51+00:00","og_image":[{"url":"https:\/\/upload.cdn.baselinker.com\/products\/6014502\/531344e8d1edf9f19561d8185414b0fb.jpg","type":"","width":"","height":""}],"twitter_card":"summary_large_image","twitter_misc":{"Estimated reading time":"1 minute"},"schema":{"@context":"https:\/\/schema.org","@graph":[{"@type":"WebPage","@id":"https:\/\/rad-pal.com.pl\/sklep\/bez-kategorii\/komoda-regal-z-szufladami-do-salonu\/","url":"https:\/\/rad-pal.com.pl\/sklep\/bez-kategorii\/komoda-regal-z-szufladami-do-salonu\/","name":"Komoda rega\u0142 z szufladami do salonu - Rad-Pal","isPartOf":{"@id":"https:\/\/rad-pal.com.pl\/#website"},"primaryImageOfPage":{"@id":"https:\/\/rad-pal.com.pl\/sklep\/bez-kategorii\/komoda-regal-z-szufladami-do-salonu\/#primaryimage"},"image":{"@id":"https:\/\/rad-pal.com.pl\/sklep\/bez-kategorii\/komoda-regal-z-szufladami-do-salonu\/#primaryimage"},"thumbnailUrl":"https:\/\/rad-pal.com.pl\/wp-content\/uploads\/2026\/02\/2b22d984ddd913bf54dd3555240a1343.jpg","datePublished":"2026-02-19T16:04:13+00:00","dateModified":"2026-02-19T16:32:51+00:00","breadcrumb":{"@id":"https:\/\/rad-pal.com.pl\/sklep\/bez-kategorii\/komoda-regal-z-szufladami-do-salonu\/#breadcrumb"},"inLanguage":"en-GB","potentialAction":[{"@type":"ReadAction","target":["https:\/\/rad-pal.com.pl\/sklep\/bez-kategorii\/komoda-regal-z-szufladami-do-salonu\/"]}]},{"@type":"ImageObject","inLanguage":"en-GB","@id":"https:\/\/rad-pal.com.pl\/sklep\/bez-kategorii\/komoda-regal-z-szufladami-do-salonu\/#primaryimage","url":"https:\/\/rad-pal.com.pl\/wp-content\/uploads\/2026\/02\/2b22d984ddd913bf54dd3555240a1343.jpg","contentUrl":"https:\/\/rad-pal.com.pl\/wp-content\/uploads\/2026\/02\/2b22d984ddd913bf54dd3555240a1343.jpg","width":681,"height":681,"caption":"7f786d291a7ac14053957ee90ec28db1"},{"@type":"BreadcrumbList","@id":"https:\/\/rad-pal.com.pl\/sklep\/bez-kategorii\/komoda-regal-z-szufladami-do-salonu\/#breadcrumb","itemListElement":[{"@type":"ListItem","position":1,"name":"Strona g\u0142\u00f3wna","item":"https:\/\/rad-pal.com.pl\/"},{"@type":"ListItem","position":2,"name":"Sklep","item":"https:\/\/rad-pal.com.pl\/sklep\/"},{"@type":"ListItem","position":3,"name":"Komoda rega\u0142 z szufladami do salonu"}]},{"@type":"WebSite","@id":"https:\/\/rad-pal.com.pl\/#website","url":"https:\/\/rad-pal.com.pl\/","name":"Rad-Pal","description":"","publisher":{"@id":"https:\/\/rad-pal.com.pl\/#organization"},"potentialAction":[{"@type":"SearchAction","target":{"@type":"EntryPoint","urlTemplate":"https:\/\/rad-pal.com.pl\/?s={search_term_string}"},"query-input":{"@type":"PropertyValueSpecification","valueRequired":true,"valueName":"search_term_string"}}],"inLanguage":"en-GB"},{"@type":"Organization","@id":"https:\/\/rad-pal.com.pl\/#organization","name":"Rad-Pal","url":"https:\/\/rad-pal.com.pl\/","logo":{"@type":"ImageObject","inLanguage":"en-GB","@id":"https:\/\/rad-pal.com.pl\/#\/schema\/logo\/image\/","url":"https:\/\/rad-pal.com.pl\/wp-content\/uploads\/2026\/03\/Projekt-bez-nazwy-30.webp","contentUrl":"https:\/\/rad-pal.com.pl\/wp-content\/uploads\/2026\/03\/Projekt-bez-nazwy-30.webp","width":600,"height":210,"caption":"Rad-Pal"},"image":{"@id":"https:\/\/rad-pal.com.pl\/#\/schema\/logo\/image\/"}}]}},"_links":{"self":[{"href":"https:\/\/rad-pal.com.pl\/en\/wp-json\/wp\/v2\/product\/34287","targetHints":{"allow":["GET"]}}],"collection":[{"href":"https:\/\/rad-pal.com.pl\/en\/wp-json\/wp\/v2\/product"}],"about":[{"href":"https:\/\/rad-pal.com.pl\/en\/wp-json\/wp\/v2\/types\/product"}],"version-history":[{"count":0,"href":"https:\/\/rad-pal.com.pl\/en\/wp-json\/wp\/v2\/product\/34287\/revisions"}],"wp:featuredmedia":[{"embeddable":true,"href":"https:\/\/rad-pal.com.pl\/en\/wp-json\/wp\/v2\/media\/34279"}],"wp:attachment":[{"href":"https:\/\/rad-pal.com.pl\/en\/wp-json\/wp\/v2\/media?parent=34287"}],"wp:term":[{"taxonomy":"product_brand","embeddable":true,"href":"https:\/\/rad-pal.com.pl\/en\/wp-json\/wp\/v2\/product_brand?post=34287"},{"taxonomy":"product_cat","embeddable":true,"href":"https:\/\/rad-pal.com.pl\/en\/wp-json\/wp\/v2\/product_cat?post=34287"},{"taxonomy":"product_tag","embeddable":true,"href":"https:\/\/rad-pal.com.pl\/en\/wp-json\/wp\/v2\/product_tag?post=34287"}],"curies":[{"name":"wp","href":"https:\/\/api.w.org\/{rel}","templated":true}]}}

Komoda regał z szufladami do salonu

<section class="section">
<div class="item item-6">
<section class="image-item"><img decoding="async" src="https://upload.cdn.baselinker.com/products/6014502/531344e8d1edf9f19561d8185414b0fb.jpg" /></section>
</p></div>
<div class="item item-6">
<section class="text-item">
<p>Elegancka komoda z tekstylnymi szufladami</p>
<p>Nasz praktyczny regał z szarymi szufladami z materiału pomoże Ci zaprowadzić porządek w mieszkaniu w stylowy sposób. Nowoczesny sideboard składa się z białej, stalowej ramy z półkami z płyty MDF imitującej drewno. Elegancka komoda dostępna jest w różnych rozmiarach, dzięki czemu z pewnością znajdziesz także egzemplarz odpowiedni do Twojego wnętrza. Sam zdecyduj o ilości szuflad oraz kształcie, szerokości i wysokości wolnostojącego regału. </p>
</p>
<p>Nowoczesny sideboard do salonu lub sypialni</p>
<p>Praktyczne szuflady z materiału</p>
<p>Różne rozmiary do wyboru</p>
<p>Uniwersalny i nowoczesny design</p>
<p>Stabilna konstrukcja z metalową ramą</p>
</section></div>
</section>
<section class="section">
<div class="item item-12">
<section class="text-item">
<p>9</p>
</section></div>
</section>

<p>Elegancka komoda z tekstylnymi szufladami Nasz praktyczny regał z szarymi szufladami z materiału pomoże Ci zaprowadzić porządek w mieszkaniu w</p>

<!-- This site is optimized with the Yoast SEO plugin v25.7 - https://yoast.com/wordpress/plugins/seo/ -->
<title>Komoda regał z szufladami do salonu - Rad-Pal</title>
<meta name="robots" content="index, follow, max-snippet:-1, max-image-preview:large, max-video-preview:-1" />
<link rel="canonical" href="https://rad-pal.com.pl/en/sklep/bez-kategorii/komoda-regal-z-szufladami-do-salonu/" />
<meta property="og:locale" content="en_GB" />
<meta property="og:type" content="article" />
<meta property="og:title" content="Komoda regał z szufladami do salonu - Rad-Pal" />
<meta property="og:description" content="Elegancka komoda z tekstylnymi szufladami Nasz praktyczny regał z szarymi szufladami z materiału pomoże Ci zaprowadzić porządek w mieszkaniu w" />
<meta property="og:url" content="https://rad-pal.com.pl/en/sklep/bez-kategorii/komoda-regal-z-szufladami-do-salonu/" />
<meta property="og:site_name" content="Rad-Pal" />
<meta property="article:modified_time" content="2026-02-19T16:32:51+00:00" />
<meta property="og:image" content="https://upload.cdn.baselinker.com/products/6014502/531344e8d1edf9f19561d8185414b0fb.jpg" />
<meta name="twitter:card" content="summary_large_image" />
<meta name="twitter:label1" content="Estimated reading time" />
	<meta name="twitter:data1" content="1 minute" />
<script type="application/ld+json" class="yoast-schema-graph">{"@context":"https://schema.org","@graph":[{"@type":"WebPage","@id":"https://rad-pal.com.pl/sklep/bez-kategorii/komoda-regal-z-szufladami-do-salonu/","url":"https://rad-pal.com.pl/sklep/bez-kategorii/komoda-regal-z-szufladami-do-salonu/","name":"Komoda regał z szufladami do salonu - Rad-Pal","isPartOf":{"@id":"https://rad-pal.com.pl/#website"},"primaryImageOfPage":{"@id":"https://rad-pal.com.pl/sklep/bez-kategorii/komoda-regal-z-szufladami-do-salonu/#primaryimage"},"image":{"@id":"https://rad-pal.com.pl/sklep/bez-kategorii/komoda-regal-z-szufladami-do-salonu/#primaryimage"},"thumbnailUrl":"https://rad-pal.com.pl/wp-content/uploads/2026/02/2b22d984ddd913bf54dd3555240a1343.jpg","datePublished":"2026-02-19T16:04:13+00:00","dateModified":"2026-02-19T16:32:51+00:00","breadcrumb":{"@id":"https://rad-pal.com.pl/sklep/bez-kategorii/komoda-regal-z-szufladami-do-salonu/#breadcrumb"},"inLanguage":"en-GB","potentialAction":[{"@type":"ReadAction","target":["https://rad-pal.com.pl/sklep/bez-kategorii/komoda-regal-z-szufladami-do-salonu/"]}]},{"@type":"ImageObject","inLanguage":"en-GB","@id":"https://rad-pal.com.pl/sklep/bez-kategorii/komoda-regal-z-szufladami-do-salonu/#primaryimage","url":"https://rad-pal.com.pl/wp-content/uploads/2026/02/2b22d984ddd913bf54dd3555240a1343.jpg","contentUrl":"https://rad-pal.com.pl/wp-content/uploads/2026/02/2b22d984ddd913bf54dd3555240a1343.jpg","width":681,"height":681,"caption":"7f786d291a7ac14053957ee90ec28db1"},{"@type":"BreadcrumbList","@id":"https://rad-pal.com.pl/sklep/bez-kategorii/komoda-regal-z-szufladami-do-salonu/#breadcrumb","itemListElement":[{"@type":"ListItem","position":1,"name":"Strona główna","item":"https://rad-pal.com.pl/"},{"@type":"ListItem","position":2,"name":"Sklep","item":"https://rad-pal.com.pl/sklep/"},{"@type":"ListItem","position":3,"name":"Komoda regał z szufladami do salonu"}]},{"@type":"WebSite","@id":"https://rad-pal.com.pl/#website","url":"https://rad-pal.com.pl/","name":"Rad-Pal","description":"","publisher":{"@id":"https://rad-pal.com.pl/#organization"},"potentialAction":[{"@type":"SearchAction","target":{"@type":"EntryPoint","urlTemplate":"https://rad-pal.com.pl/?s={search_term_string}"},"query-input":{"@type":"PropertyValueSpecification","valueRequired":true,"valueName":"search_term_string"}}],"inLanguage":"en-GB"},{"@type":"Organization","@id":"https://rad-pal.com.pl/#organization","name":"Rad-Pal","url":"https://rad-pal.com.pl/","logo":{"@type":"ImageObject","inLanguage":"en-GB","@id":"https://rad-pal.com.pl/#/schema/logo/image/","url":"https://rad-pal.com.pl/wp-content/uploads/2026/03/Projekt-bez-nazwy-30.webp","contentUrl":"https://rad-pal.com.pl/wp-content/uploads/2026/03/Projekt-bez-nazwy-30.webp","width":600,"height":210,"caption":"Rad-Pal"},"image":{"@id":"https://rad-pal.com.pl/#/schema/logo/image/"}}]}</script>
<!-- / Yoast SEO plugin. -->

Komoda regał z szufladami do salonu - Rad-Pal

Elegancka komoda z tekstylnymi szufladami Nasz praktyczny regał z szarymi szufladami z materiału pomoże Ci zaprowadzić porządek w mieszkaniu w

Strona główna
