{"id":35072,"date":"2026-02-19T17:36:48","date_gmt":"2026-02-19T16:36:48","guid":{"rendered":"https:\/\/rad-pal.com.pl\/sklep\/bez-kategorii\/prostokatny-stol-ogrodowy\/"},"modified":"2026-02-19T18:27:25","modified_gmt":"2026-02-19T17:27:25","slug":"prostokatny-stol-ogrodowy","status":"publish","type":"product","link":"https:\/\/rad-pal.com.pl\/en\/sklep\/dom-i-ogrod\/ogrod\/meble-ogrodowe\/stoly-i-stoliki\/prostokatny-stol-ogrodowy\/","title":{"rendered":"Prostok\u0105tny st\u00f3\u0142 ogrodowy"},"content":{"rendered":"<section class=\"section\">\n<div class=\"item item-6\">\n<section class=\"image-item\"><img decoding=\"async\" src=\"https:\/\/upload.cdn.baselinker.com\/products\/6014502\/dfa32d8256ad5e44bc20d58bf9f3e3eb.jpg\" \/><\/section>\n<\/p><\/div>\n<div class=\"item item-6\">\n<section class=\"text-item\">\n<p>Prostok\u0105tny st\u00f3\u0142 do ogrodu, na balkon i taras<\/p>\n<p>Je\u015bli chcesz w pe\u0142ni cieszy\u0107 si\u0119 ciep\u0142\u0105 por\u0105 roku, ten stolik balkonowy to pozycja obowi\u0105zkowa. Napoje, kwiaty lub dekoracje mo\u017cna wygodnie umie\u015bci\u0107 na stoliku zewn\u0119trznym. Blat stolika ma drewniany wygl\u0105d i przyci\u0105ga wzrok na balkonie, tarasie lub w ogrodzie. Umie\u015b\u0107 stolik ogrodowy obok lub przed meblami ogrodowymi i ciesz si\u0119 dodatkowym komfortem. Po\u0142\u0105czenie wytrzyma\u0142ego tworzywa sztucznego ze stalow\u0105 ram\u0105 sprawia, \u017ce stolik jest odporny na warunki atmosferyczne.\u00a0<\/p>\n<\/p>\n<p>Wszechstronny stolik balkonowy o dekoracyjnym, drewnianym wygl\u0105dzie<\/p>\n<p>idealny do ogrodu, na balkon lub taras<\/p>\n<p>odporny na warunki atmosferyczne dzi\u0119ki konstrukcji ze stali i tworzywa sztucznego<\/p>\n<p>nowoczesny stolik na zewn\u0105trz, nawet na ma\u0142e balkony<\/p>\n<p>do przechowywania napoj\u00f3w, dekoracji i nie tylko<\/p>\n<p>\u015bwietny do \u0142\u0105czenia z innymi meblami ogrodowymi<\/p>\n<\/section><\/div>\n<\/section>\n<section class=\"section\">\n<div class=\"item item-12\">\n<section class=\"text-item\">\n<p>6<\/p>\n<\/section><\/div>\n<\/section>","protected":false},"excerpt":{"rendered":"<p>Prostok\u0105tny st\u00f3\u0142 do ogrodu, na balkon i taras Je\u015bli chcesz w pe\u0142ni cieszy\u0107 si\u0119 ciep\u0142\u0105 por\u0105 roku, ten stolik balkonowy<\/p>","protected":false},"featured_media":35066,"template":"","meta":[],"product_brand":[],"product_cat":[86,214,111,215],"product_tag":[],"class_list":{"0":"post-35072","1":"product","2":"type-product","3":"status-publish","4":"has-post-thumbnail","6":"product_cat-dom-i-ogrod","7":"product_cat-meble-ogrodowe","8":"product_cat-ogrod","9":"product_cat-stoly-i-stoliki","11":"first","12":"instock","13":"taxable","14":"shipping-taxable","15":"purchasable","16":"product-type-simple"},"yoast_head":"<!-- This site is optimized with the Yoast SEO plugin v25.7 - https:\/\/yoast.com\/wordpress\/plugins\/seo\/ -->\n<title>Prostok\u0105tny st\u00f3\u0142 ogrodowy - Rad-Pal<\/title>\n<meta name=\"robots\" content=\"index, follow, max-snippet:-1, max-image-preview:large, max-video-preview:-1\" \/>\n<link rel=\"canonical\" href=\"https:\/\/rad-pal.com.pl\/en\/sklep\/bez-kategorii\/prostokatny-stol-ogrodowy\/\" \/>\n<meta property=\"og:locale\" content=\"en_GB\" \/>\n<meta property=\"og:type\" content=\"article\" \/>\n<meta property=\"og:title\" content=\"Prostok\u0105tny st\u00f3\u0142 ogrodowy - Rad-Pal\" \/>\n<meta property=\"og:description\" content=\"Prostok\u0105tny st\u00f3\u0142 do ogrodu, na balkon i taras Je\u015bli chcesz w pe\u0142ni cieszy\u0107 si\u0119 ciep\u0142\u0105 por\u0105 roku, ten stolik balkonowy\" \/>\n<meta property=\"og:url\" content=\"https:\/\/rad-pal.com.pl\/en\/sklep\/bez-kategorii\/prostokatny-stol-ogrodowy\/\" \/>\n<meta property=\"og:site_name\" content=\"Rad-Pal\" \/>\n<meta property=\"article:modified_time\" content=\"2026-02-19T17:27:25+00:00\" \/>\n<meta property=\"og:image\" content=\"https:\/\/upload.cdn.baselinker.com\/products\/6014502\/dfa32d8256ad5e44bc20d58bf9f3e3eb.jpg\" \/>\n<meta name=\"twitter:card\" content=\"summary_large_image\" \/>\n<meta name=\"twitter:label1\" content=\"Estimated reading time\" \/>\n\t<meta name=\"twitter:data1\" content=\"1 minute\" \/>\n<script type=\"application\/ld+json\" class=\"yoast-schema-graph\">{\"@context\":\"https:\/\/schema.org\",\"@graph\":[{\"@type\":\"WebPage\",\"@id\":\"https:\/\/rad-pal.com.pl\/sklep\/bez-kategorii\/prostokatny-stol-ogrodowy\/\",\"url\":\"https:\/\/rad-pal.com.pl\/sklep\/bez-kategorii\/prostokatny-stol-ogrodowy\/\",\"name\":\"Prostok\u0105tny st\u00f3\u0142 ogrodowy - Rad-Pal\",\"isPartOf\":{\"@id\":\"https:\/\/rad-pal.com.pl\/#website\"},\"primaryImageOfPage\":{\"@id\":\"https:\/\/rad-pal.com.pl\/sklep\/bez-kategorii\/prostokatny-stol-ogrodowy\/#primaryimage\"},\"image\":{\"@id\":\"https:\/\/rad-pal.com.pl\/sklep\/bez-kategorii\/prostokatny-stol-ogrodowy\/#primaryimage\"},\"thumbnailUrl\":\"https:\/\/rad-pal.com.pl\/wp-content\/uploads\/2026\/02\/dfa32d8256ad5e44bc20d58bf9f3e3eb.jpg\",\"datePublished\":\"2026-02-19T16:36:48+00:00\",\"dateModified\":\"2026-02-19T17:27:25+00:00\",\"breadcrumb\":{\"@id\":\"https:\/\/rad-pal.com.pl\/sklep\/bez-kategorii\/prostokatny-stol-ogrodowy\/#breadcrumb\"},\"inLanguage\":\"en-GB\",\"potentialAction\":[{\"@type\":\"ReadAction\",\"target\":[\"https:\/\/rad-pal.com.pl\/sklep\/bez-kategorii\/prostokatny-stol-ogrodowy\/\"]}]},{\"@type\":\"ImageObject\",\"inLanguage\":\"en-GB\",\"@id\":\"https:\/\/rad-pal.com.pl\/sklep\/bez-kategorii\/prostokatny-stol-ogrodowy\/#primaryimage\",\"url\":\"https:\/\/rad-pal.com.pl\/wp-content\/uploads\/2026\/02\/dfa32d8256ad5e44bc20d58bf9f3e3eb.jpg\",\"contentUrl\":\"https:\/\/rad-pal.com.pl\/wp-content\/uploads\/2026\/02\/dfa32d8256ad5e44bc20d58bf9f3e3eb.jpg\",\"width\":681,\"height\":681,\"caption\":\"b563370b982661e53234d03119c057e6\"},{\"@type\":\"BreadcrumbList\",\"@id\":\"https:\/\/rad-pal.com.pl\/sklep\/bez-kategorii\/prostokatny-stol-ogrodowy\/#breadcrumb\",\"itemListElement\":[{\"@type\":\"ListItem\",\"position\":1,\"name\":\"Strona g\u0142\u00f3wna\",\"item\":\"https:\/\/rad-pal.com.pl\/\"},{\"@type\":\"ListItem\",\"position\":2,\"name\":\"Sklep\",\"item\":\"https:\/\/rad-pal.com.pl\/sklep\/\"},{\"@type\":\"ListItem\",\"position\":3,\"name\":\"Prostok\u0105tny st\u00f3\u0142 ogrodowy\"}]},{\"@type\":\"WebSite\",\"@id\":\"https:\/\/rad-pal.com.pl\/#website\",\"url\":\"https:\/\/rad-pal.com.pl\/\",\"name\":\"Rad-Pal\",\"description\":\"\",\"publisher\":{\"@id\":\"https:\/\/rad-pal.com.pl\/#organization\"},\"potentialAction\":[{\"@type\":\"SearchAction\",\"target\":{\"@type\":\"EntryPoint\",\"urlTemplate\":\"https:\/\/rad-pal.com.pl\/?s={search_term_string}\"},\"query-input\":{\"@type\":\"PropertyValueSpecification\",\"valueRequired\":true,\"valueName\":\"search_term_string\"}}],\"inLanguage\":\"en-GB\"},{\"@type\":\"Organization\",\"@id\":\"https:\/\/rad-pal.com.pl\/#organization\",\"name\":\"Rad-Pal\",\"url\":\"https:\/\/rad-pal.com.pl\/\",\"logo\":{\"@type\":\"ImageObject\",\"inLanguage\":\"en-GB\",\"@id\":\"https:\/\/rad-pal.com.pl\/#\/schema\/logo\/image\/\",\"url\":\"https:\/\/rad-pal.com.pl\/wp-content\/uploads\/2026\/03\/Projekt-bez-nazwy-30.webp\",\"contentUrl\":\"https:\/\/rad-pal.com.pl\/wp-content\/uploads\/2026\/03\/Projekt-bez-nazwy-30.webp\",\"width\":600,\"height\":210,\"caption\":\"Rad-Pal\"},\"image\":{\"@id\":\"https:\/\/rad-pal.com.pl\/#\/schema\/logo\/image\/\"}}]}<\/script>\n<!-- \/ Yoast SEO plugin. -->","yoast_head_json":{"title":"Prostok\u0105tny st\u00f3\u0142 ogrodowy - Rad-Pal","robots":{"index":"index","follow":"follow","max-snippet":"max-snippet:-1","max-image-preview":"max-image-preview:large","max-video-preview":"max-video-preview:-1"},"canonical":"https:\/\/rad-pal.com.pl\/en\/sklep\/bez-kategorii\/prostokatny-stol-ogrodowy\/","og_locale":"en_GB","og_type":"article","og_title":"Prostok\u0105tny st\u00f3\u0142 ogrodowy - Rad-Pal","og_description":"Prostok\u0105tny st\u00f3\u0142 do ogrodu, na balkon i taras Je\u015bli chcesz w pe\u0142ni cieszy\u0107 si\u0119 ciep\u0142\u0105 por\u0105 roku, ten stolik balkonowy","og_url":"https:\/\/rad-pal.com.pl\/en\/sklep\/bez-kategorii\/prostokatny-stol-ogrodowy\/","og_site_name":"Rad-Pal","article_modified_time":"2026-02-19T17:27:25+00:00","og_image":[{"url":"https:\/\/upload.cdn.baselinker.com\/products\/6014502\/dfa32d8256ad5e44bc20d58bf9f3e3eb.jpg","type":"","width":"","height":""}],"twitter_card":"summary_large_image","twitter_misc":{"Estimated reading time":"1 minute"},"schema":{"@context":"https:\/\/schema.org","@graph":[{"@type":"WebPage","@id":"https:\/\/rad-pal.com.pl\/sklep\/bez-kategorii\/prostokatny-stol-ogrodowy\/","url":"https:\/\/rad-pal.com.pl\/sklep\/bez-kategorii\/prostokatny-stol-ogrodowy\/","name":"Prostok\u0105tny st\u00f3\u0142 ogrodowy - Rad-Pal","isPartOf":{"@id":"https:\/\/rad-pal.com.pl\/#website"},"primaryImageOfPage":{"@id":"https:\/\/rad-pal.com.pl\/sklep\/bez-kategorii\/prostokatny-stol-ogrodowy\/#primaryimage"},"image":{"@id":"https:\/\/rad-pal.com.pl\/sklep\/bez-kategorii\/prostokatny-stol-ogrodowy\/#primaryimage"},"thumbnailUrl":"https:\/\/rad-pal.com.pl\/wp-content\/uploads\/2026\/02\/dfa32d8256ad5e44bc20d58bf9f3e3eb.jpg","datePublished":"2026-02-19T16:36:48+00:00","dateModified":"2026-02-19T17:27:25+00:00","breadcrumb":{"@id":"https:\/\/rad-pal.com.pl\/sklep\/bez-kategorii\/prostokatny-stol-ogrodowy\/#breadcrumb"},"inLanguage":"en-GB","potentialAction":[{"@type":"ReadAction","target":["https:\/\/rad-pal.com.pl\/sklep\/bez-kategorii\/prostokatny-stol-ogrodowy\/"]}]},{"@type":"ImageObject","inLanguage":"en-GB","@id":"https:\/\/rad-pal.com.pl\/sklep\/bez-kategorii\/prostokatny-stol-ogrodowy\/#primaryimage","url":"https:\/\/rad-pal.com.pl\/wp-content\/uploads\/2026\/02\/dfa32d8256ad5e44bc20d58bf9f3e3eb.jpg","contentUrl":"https:\/\/rad-pal.com.pl\/wp-content\/uploads\/2026\/02\/dfa32d8256ad5e44bc20d58bf9f3e3eb.jpg","width":681,"height":681,"caption":"b563370b982661e53234d03119c057e6"},{"@type":"BreadcrumbList","@id":"https:\/\/rad-pal.com.pl\/sklep\/bez-kategorii\/prostokatny-stol-ogrodowy\/#breadcrumb","itemListElement":[{"@type":"ListItem","position":1,"name":"Strona g\u0142\u00f3wna","item":"https:\/\/rad-pal.com.pl\/"},{"@type":"ListItem","position":2,"name":"Sklep","item":"https:\/\/rad-pal.com.pl\/sklep\/"},{"@type":"ListItem","position":3,"name":"Prostok\u0105tny st\u00f3\u0142 ogrodowy"}]},{"@type":"WebSite","@id":"https:\/\/rad-pal.com.pl\/#website","url":"https:\/\/rad-pal.com.pl\/","name":"Rad-Pal","description":"","publisher":{"@id":"https:\/\/rad-pal.com.pl\/#organization"},"potentialAction":[{"@type":"SearchAction","target":{"@type":"EntryPoint","urlTemplate":"https:\/\/rad-pal.com.pl\/?s={search_term_string}"},"query-input":{"@type":"PropertyValueSpecification","valueRequired":true,"valueName":"search_term_string"}}],"inLanguage":"en-GB"},{"@type":"Organization","@id":"https:\/\/rad-pal.com.pl\/#organization","name":"Rad-Pal","url":"https:\/\/rad-pal.com.pl\/","logo":{"@type":"ImageObject","inLanguage":"en-GB","@id":"https:\/\/rad-pal.com.pl\/#\/schema\/logo\/image\/","url":"https:\/\/rad-pal.com.pl\/wp-content\/uploads\/2026\/03\/Projekt-bez-nazwy-30.webp","contentUrl":"https:\/\/rad-pal.com.pl\/wp-content\/uploads\/2026\/03\/Projekt-bez-nazwy-30.webp","width":600,"height":210,"caption":"Rad-Pal"},"image":{"@id":"https:\/\/rad-pal.com.pl\/#\/schema\/logo\/image\/"}}]}},"_links":{"self":[{"href":"https:\/\/rad-pal.com.pl\/en\/wp-json\/wp\/v2\/product\/35072","targetHints":{"allow":["GET"]}}],"collection":[{"href":"https:\/\/rad-pal.com.pl\/en\/wp-json\/wp\/v2\/product"}],"about":[{"href":"https:\/\/rad-pal.com.pl\/en\/wp-json\/wp\/v2\/types\/product"}],"version-history":[{"count":0,"href":"https:\/\/rad-pal.com.pl\/en\/wp-json\/wp\/v2\/product\/35072\/revisions"}],"wp:featuredmedia":[{"embeddable":true,"href":"https:\/\/rad-pal.com.pl\/en\/wp-json\/wp\/v2\/media\/35066"}],"wp:attachment":[{"href":"https:\/\/rad-pal.com.pl\/en\/wp-json\/wp\/v2\/media?parent=35072"}],"wp:term":[{"taxonomy":"product_brand","embeddable":true,"href":"https:\/\/rad-pal.com.pl\/en\/wp-json\/wp\/v2\/product_brand?post=35072"},{"taxonomy":"product_cat","embeddable":true,"href":"https:\/\/rad-pal.com.pl\/en\/wp-json\/wp\/v2\/product_cat?post=35072"},{"taxonomy":"product_tag","embeddable":true,"href":"https:\/\/rad-pal.com.pl\/en\/wp-json\/wp\/v2\/product_tag?post=35072"}],"curies":[{"name":"wp","href":"https:\/\/api.w.org\/{rel}","templated":true}]}}

Prostokątny stół ogrodowy

<section class="section">
<div class="item item-6">
<section class="image-item"><img decoding="async" src="https://upload.cdn.baselinker.com/products/6014502/dfa32d8256ad5e44bc20d58bf9f3e3eb.jpg" /></section>
</p></div>
<div class="item item-6">
<section class="text-item">
<p>Prostokątny stół do ogrodu, na balkon i taras</p>
<p>Jeśli chcesz w pełni cieszyć się ciepłą porą roku, ten stolik balkonowy to pozycja obowiązkowa. Napoje, kwiaty lub dekoracje można wygodnie umieścić na stoliku zewnętrznym. Blat stolika ma drewniany wygląd i przyciąga wzrok na balkonie, tarasie lub w ogrodzie. Umieść stolik ogrodowy obok lub przed meblami ogrodowymi i ciesz się dodatkowym komfortem. Połączenie wytrzymałego tworzywa sztucznego ze stalową ramą sprawia, że stolik jest odporny na warunki atmosferyczne. </p>
</p>
<p>Wszechstronny stolik balkonowy o dekoracyjnym, drewnianym wyglądzie</p>
<p>idealny do ogrodu, na balkon lub taras</p>
<p>odporny na warunki atmosferyczne dzięki konstrukcji ze stali i tworzywa sztucznego</p>
<p>nowoczesny stolik na zewnątrz, nawet na małe balkony</p>
<p>do przechowywania napojów, dekoracji i nie tylko</p>
<p>świetny do łączenia z innymi meblami ogrodowymi</p>
</section></div>
</section>
<section class="section">
<div class="item item-12">
<section class="text-item">
<p>6</p>
</section></div>
</section>

<p>Prostokątny stół do ogrodu, na balkon i taras Jeśli chcesz w pełni cieszyć się ciepłą porą roku, ten stolik balkonowy</p>

<!-- This site is optimized with the Yoast SEO plugin v25.7 - https://yoast.com/wordpress/plugins/seo/ -->
<title>Prostokątny stół ogrodowy - Rad-Pal</title>
<meta name="robots" content="index, follow, max-snippet:-1, max-image-preview:large, max-video-preview:-1" />
<link rel="canonical" href="https://rad-pal.com.pl/en/sklep/bez-kategorii/prostokatny-stol-ogrodowy/" />
<meta property="og:locale" content="en_GB" />
<meta property="og:type" content="article" />
<meta property="og:title" content="Prostokątny stół ogrodowy - Rad-Pal" />
<meta property="og:description" content="Prostokątny stół do ogrodu, na balkon i taras Jeśli chcesz w pełni cieszyć się ciepłą porą roku, ten stolik balkonowy" />
<meta property="og:url" content="https://rad-pal.com.pl/en/sklep/bez-kategorii/prostokatny-stol-ogrodowy/" />
<meta property="og:site_name" content="Rad-Pal" />
<meta property="article:modified_time" content="2026-02-19T17:27:25+00:00" />
<meta property="og:image" content="https://upload.cdn.baselinker.com/products/6014502/dfa32d8256ad5e44bc20d58bf9f3e3eb.jpg" />
<meta name="twitter:card" content="summary_large_image" />
<meta name="twitter:label1" content="Estimated reading time" />
	<meta name="twitter:data1" content="1 minute" />
<script type="application/ld+json" class="yoast-schema-graph">{"@context":"https://schema.org","@graph":[{"@type":"WebPage","@id":"https://rad-pal.com.pl/sklep/bez-kategorii/prostokatny-stol-ogrodowy/","url":"https://rad-pal.com.pl/sklep/bez-kategorii/prostokatny-stol-ogrodowy/","name":"Prostokątny stół ogrodowy - Rad-Pal","isPartOf":{"@id":"https://rad-pal.com.pl/#website"},"primaryImageOfPage":{"@id":"https://rad-pal.com.pl/sklep/bez-kategorii/prostokatny-stol-ogrodowy/#primaryimage"},"image":{"@id":"https://rad-pal.com.pl/sklep/bez-kategorii/prostokatny-stol-ogrodowy/#primaryimage"},"thumbnailUrl":"https://rad-pal.com.pl/wp-content/uploads/2026/02/dfa32d8256ad5e44bc20d58bf9f3e3eb.jpg","datePublished":"2026-02-19T16:36:48+00:00","dateModified":"2026-02-19T17:27:25+00:00","breadcrumb":{"@id":"https://rad-pal.com.pl/sklep/bez-kategorii/prostokatny-stol-ogrodowy/#breadcrumb"},"inLanguage":"en-GB","potentialAction":[{"@type":"ReadAction","target":["https://rad-pal.com.pl/sklep/bez-kategorii/prostokatny-stol-ogrodowy/"]}]},{"@type":"ImageObject","inLanguage":"en-GB","@id":"https://rad-pal.com.pl/sklep/bez-kategorii/prostokatny-stol-ogrodowy/#primaryimage","url":"https://rad-pal.com.pl/wp-content/uploads/2026/02/dfa32d8256ad5e44bc20d58bf9f3e3eb.jpg","contentUrl":"https://rad-pal.com.pl/wp-content/uploads/2026/02/dfa32d8256ad5e44bc20d58bf9f3e3eb.jpg","width":681,"height":681,"caption":"b563370b982661e53234d03119c057e6"},{"@type":"BreadcrumbList","@id":"https://rad-pal.com.pl/sklep/bez-kategorii/prostokatny-stol-ogrodowy/#breadcrumb","itemListElement":[{"@type":"ListItem","position":1,"name":"Strona główna","item":"https://rad-pal.com.pl/"},{"@type":"ListItem","position":2,"name":"Sklep","item":"https://rad-pal.com.pl/sklep/"},{"@type":"ListItem","position":3,"name":"Prostokątny stół ogrodowy"}]},{"@type":"WebSite","@id":"https://rad-pal.com.pl/#website","url":"https://rad-pal.com.pl/","name":"Rad-Pal","description":"","publisher":{"@id":"https://rad-pal.com.pl/#organization"},"potentialAction":[{"@type":"SearchAction","target":{"@type":"EntryPoint","urlTemplate":"https://rad-pal.com.pl/?s={search_term_string}"},"query-input":{"@type":"PropertyValueSpecification","valueRequired":true,"valueName":"search_term_string"}}],"inLanguage":"en-GB"},{"@type":"Organization","@id":"https://rad-pal.com.pl/#organization","name":"Rad-Pal","url":"https://rad-pal.com.pl/","logo":{"@type":"ImageObject","inLanguage":"en-GB","@id":"https://rad-pal.com.pl/#/schema/logo/image/","url":"https://rad-pal.com.pl/wp-content/uploads/2026/03/Projekt-bez-nazwy-30.webp","contentUrl":"https://rad-pal.com.pl/wp-content/uploads/2026/03/Projekt-bez-nazwy-30.webp","width":600,"height":210,"caption":"Rad-Pal"},"image":{"@id":"https://rad-pal.com.pl/#/schema/logo/image/"}}]}</script>
<!-- / Yoast SEO plugin. -->

Prostokątny stół ogrodowy - Rad-Pal

Prostokątny stół do ogrodu, na balkon i taras Jeśli chcesz w pełni cieszyć się ciepłą porą roku, ten stolik balkonowy

Strona główna
